Calculate the greatest common divisor of k and i.
4
Let y(a) = -a**2 + 40*a - 325. Let p be y(26). Calculate the highest common divisor of 26 and p.
13
Let n(q) = -4*q + 4. Let s be n(-8). What is the highest common divisor of s and 396?
36
Suppose 213 = -2*z - 303. Let u = 370 + z. Let n(q) = 15*q**3 + q**2 - q + 1. Let d be n(1). What is the highest common divisor of u and d?
16
Suppose -2 = -2*s + 10. Let b(k) = k**2 + 7*k - 6. Let u be b(-9). Calculate the highest common divisor of s and u.
6
Let h be (3 + 54/5)/(5/25). Let y = 108 - h. Calculate the highest common factor of 52 and y.
13
Let a(k) = -96*k - 335. Let z be a(-15). Calculate the highest common factor of 26 and z.
13
Let o = 21 + -19. Suppose -3*f = -0*f + 4*p - 295, -5*f + 515 = o*p. What is the greatest common divisor of f and 21?
21
Let x be ((-7)/3)/(11/561). Let r be (-12)/14*x/17. Calculate the greatest common divisor of 72 and r.
6
Let f(g) = -g**3 + 2*g - 2. Let m be f(-4). Let s = 72 - -9. Calculate the greatest common factor of m and s.
27
Suppose 4*a + 13 = 2*v + v, 0 = -2*a + 4. Let r be 5 - 4 - 2/(-2). Suppose r*b - 34 - 120 = 0. What is the greatest common factor of b and v?
7
Let i be -33*(-7)/(-21)*(-6 + 3). What is the highest common divisor of 11 and i?
11
Let m = -256 - -312. What is the highest common factor of m and 7?
7
Suppose -61*r = 1378 - 11992. What is the highest common divisor of 609 and r?
87
Let h = 58 - 24. Let l = h + -37. Let y be -13*(l/(-1) + -4). Calculate the highest common factor of 78 and y.
13
Suppose -11 = -4*s - 5*k, 6*s - 4 = 4*s - 4*k. Suppose 5*h - 8 = 4*w, 3*w + s*h - h - 21 = 0. What is the highest common factor of 33 and w?
3
Suppose 2*i - 6 = -0*i. Suppose 4*l + 76 = 5*d, -14 = 2*d + i*l - 49. Let c(r) = 2*r + 4. Let o be c(6). What is the highest common divisor of o and d?
16
Suppose -2*h + 9 = -5*d + 2*d, 3*h = -d + 19. Let l = 52 - h. Let k be (-47)/(-2) + (-2)/4. Calculate the highest common divisor of k and l.
23
Let t(d) = -3*d + 95. Let u be t(29). Let g be 43 + -12 + 0 + 1. Calculate the greatest common divisor of g and u.
8
Suppose 3*y - 24 = -0*y. Let x(l) = l**3 - 9*l**2 + 7*l + 8. Let d be x(y). Let w(m) = -m + 7. Let n be w(d). Calculate the greatest common factor of n and 63.
7
Let g(h) = -2*h - 5. Let r(k) = 7*k + 19. Let x(i) = 22*g(i) + 6*r(i). Let v be x(0). Calculate the highest common divisor of 2 and v.
2
Suppose 3*p = 5 + 7. Suppose v = -p*s - 4 + 2, -2*v = -3*s - 29. Calculate the greatest common factor of v and 10.
10
Suppose 4*a + 84 = 5*h, -73*a - 21 = -h - 68*a. Calculate the highest common factor of 232 and h.
8
Let g(m) = -m**3 - 8*m**2 + 9*m + 8. Let z be g(-9). Calculate the greatest common factor of 8 and z.
8
Let y = 744 - 334. Suppose -8*q + 41 = -7*q. Calculate the greatest common factor of y and q.
41
Let z = -4 + 19. Suppose 13*y - 8*y = 10. Suppose -y = t - 17. Calculate the highest common divisor of t and z.
15
Suppose 0 = -3*j - 2 + 14. Suppose -d - 24 = -j*d. Let o = 177 - 89. Calculate the greatest common factor of o and d.
8
Suppose 0*g + 17 = 5*n + g, -2*n = 2*g - 2. Suppose 5*p + n*h - 284 = 5*h, 0 = -h - 4. Calculate the greatest common factor of p and 448.
56
Let q be 57/(-12) - (-3)/(-12). Let r = q - -6. Let v = 22 - 21. Calculate the highest common divisor of v and r.
1
Suppose 5*a = 19*a - 616. Calculate the highest common divisor of a and 506.
22
Let d(s) = s**3 - s**2 + 3*s - 1. Let b be d(0). Let v be 0 - (b - -1) - (-5 - 1). What is the highest common factor of 54 and v?
6
Let i be 324/7*(1 - -6). Suppose 3*a - i = -a. What is the greatest common divisor of a and 54?
27
Let q be 4 - (-7*1)/((-6)/(-12)). Let m be -3*((-62)/6 - -1). Suppose 2*c - 208 = -m. Calculate the greatest common factor of c and q.
18
Let t be 2/2 + (-38)/(-2). Suppose 0*l - l = -2, -3*r - 3*l + 666 = 0. What is the highest common factor of t and r?
20
Let o(x) = 2*x**2 + 18*x - 22. Let n be o(13). What is the greatest common divisor of n and 50?
50
Suppose 545*n + 120 = 549*n. Calculate the greatest common divisor of n and 190.
10
Let k = -1362 + 1400. Calculate the greatest common divisor of 2 and k.
2
Suppose -36*t - 45 = -51*t. Calculate the highest common divisor of 25 and t.
1
Let l(u) = 14*u**2. Let x be l(1). Let z be x/(-6)*(-8 + -19). Let b = 113 + z. What is the highest common divisor of b and 16?
16
Let n(j) = -j**3 + j**2 - 4*j - 10. Let f be n(-7). Suppose f = r + 160. Suppose 3*k - 302 = r. What is the highest common divisor of k and 23?
23
Let k(n) = 10*n**2 + 18*n + 21. Let r be k(7). Calculate the greatest common divisor of r and 13.
13
Let u = 25 + -13. Let i(r) be the third derivative of -r**5/60 - r**4 - 7*r**3/2 + 13*r**2. Let o be i(-23). Calculate the highest common divisor of o and u.
2
Let p be 2 + 3/6*8. Let n be (-2 - (-1254)/39) + p/(-39). Calculate the greatest common factor of 150 and n.
30
Let t(k) = -k**3 - 22*k**2 - 19*k + 67. Let g be t(-21). Calculate the greatest common factor of g and 475.
25
Suppose 0 = -8*x + 93 + 99. What is the highest common divisor of 132 and x?
12
Let d be 0 - 2*(-15457)/26. Calculate the highest common divisor of d and 29.
29
Suppose 43*v - 61*v = -8928. What is the greatest common divisor of v and 16?
16
Let r(m) = m**2 + 2*m - 1. Let j be r(-4). Suppose -2*a + j*a - 75 = 0. Let u(q) = -18*q - 15. Let l be u(-10). Calculate the highest common divisor of l and a.
15
Suppose 0 = -7*w + 86 - 16. Suppose -4*b + 2*b - u = -18, 0 = 3*u. Let q = 13 - b. What is the greatest common divisor of w and q?
2
Let c be 4 + (-5)/(15/(-9)). Suppose -c*h = -4*h - 15. Suppose 3*a - 2*w - 85 = 3*w, 3*w = -h*a + 85. Calculate the highest common factor of 30 and a.
10
Suppose -2422 + 882 = -20*n. Let s = 15 + -8. What is the highest common factor of s and n?
7
Let g be ((-33)/(-550)*10)/((-2)/(-90)). Let t(y) = 2*y - 9. Let l be t(6). Calculate the greatest common factor of l and g.
3
Suppose 10*r = -3*u + 9*r + 112, 0 = -u + 4*r + 33. What is the greatest common divisor of u and 37?
37
Let o = 41 + -1. Suppose h - 28 = 3*l, -5*h + 2*l = -13 - 75. What is the highest common factor of h and o?
8
Suppose 0 = 3*g - s + 108 - 26, -3*g - 90 = -3*s. Let w = 32 + 2. Let p = w + g. What is the highest common divisor of p and 1?
1
Let z(k) = -2*k**3 + 3*k**2 - 5*k - 21. Let p be z(-2). What is the highest common divisor of p and 901?
17
Suppose -2*t - t + 234 = 0. Let r(u) = 4*u**2 - 17*u - 120. Let s be r(-7). Calculate the highest common divisor of t and s.
39
Let m(s) = s**3 + 13*s**2 + 13*s - 18. Let r be m(-12). Let u(k) = k**2 + 29*k + 2. Let y be u(r). What is the highest common factor of 80 and y?
16
Let a(p) = p**2 + 7*p - 52. Let c be a(-12). What is the highest common factor of 88 and c?
8
Suppose 2*v + 0*u - 7 = 3*u, v - 10 = -5*u. Let d be (-3410)/(-50) - ((-4)/v - -1). Calculate the highest common divisor of d and 51.
17
Let a(h) = -h**3 + 9*h**2 - 7*h - 8. Suppose 9 + 23 = 4*s. Let k be a(s). Let w be (k - 1) + 2 - -2. What is the greatest common divisor of 27 and w?
3
Let d be (-4)/(-10)*(0 + 20). Let c be (-21)/3*(32/(-14) + 2). What is the greatest common factor of c and d?
2
Suppose -4*z - z + 4*p = -95, 76 = 4*z - 4*p. Suppose -2*v - 6 = 0, 5*v - 36 - z = -2*n. Calculate the highest common divisor of n and 14.
7
Let b = 46 - 36. Let k = 281 + -201. What is the greatest common factor of k and b?
10
Let r be 1*(52 - (-10)/5). Let j(x) be the second derivative of x**4/12 - 3*x**2/2 + x. Let w be j(3). What is the greatest common divisor of r and w?
6
Let d(h) = 7*h**2 + 6*h + 12. Let a be d(-2). Calculate the greatest common factor of 1652 and a.
28
Let l(m) = -m**2 + 7*m - 2. Let p = -5 + 11. Let t be l(p). Suppose -3*k - 3*h + 5 = -1, -5*h - 17 = -t*k. What is the greatest common divisor of 33 and k?
3
Suppose 11*z - 266 = 218. What is the highest common divisor of 33 and z?
11
Let f = 679 + -668. What is the greatest common factor of f and 77?
11
Suppose -5*c = -5, 4*c - 102 = -p - p. Calculate the highest common divisor of 7 and p.
7
Let h = -16 - -66. Suppose w + 11 = 13. Suppose -w*z - 10 = 0, -f + 5*z + 65 = f. Calculate the greatest common factor of h and f.
10
Let t(o) = 4*o**2 - 12. Suppose -6*c - 3*v = -c - 31, -4*v = 3*c - 23. Let k be t(